(1 - -30)). Let i = j - k. Is 7 a factor of i?
False
Let w(p) = 2*p**2 - 4*p + 2. Let a be w(2). Let h = -7 + 4. Does 10 divide h + a - -2 - -9?
True
Let j(x) = 6*x**2 + 8*x + 8. Let o be j(-6). Suppose 2*u + 0*u - o = 0. Suppose u = 5*w - 17. Is w a multiple of 7?
True
Let v(l) = 74*l. Let j be v(4). Suppose 8*u - j = -16. Does 13 divide u?
False
Let p(b) = 5*b - 2. Let h be p(1). Suppose -4*g = h*v - 3 - 11, g = 4*v - 44. Is v a multiple of 10?
True
Let o = -14 - -29. Suppose -u = -2*s + o, u - 39 = -5*s + 3*u. Is s a multiple of 5?
False
Suppose -15*r = -13*r + 32. Let u(a) = a**2 + 15*a + 6. Is u(r) a multiple of 22?
True
Suppose 4*l - 2*n + 4*n - 8 = 0, 0 = 3*n. Suppose -2*j + 214 = l*c + 18, 0 = 3*c - 2*j - 269. Does 9 divide c?
False
Let r(u) = -74*u + 1. Suppose 2*x = -x + t - 10, -2*x = -4*t + 20. Let g be r(x). Let i = g - 86. Is 21 a factor of i?
True
Let j be -2 - 1 - (0 + -3). Suppose -3*a + 4*b + 168 = a, -2*b = j. Is 7 a factor of a?
True
Let t = 211 - -37. Is 8 a factor of t?
True
Let x = 66 + -56. Let a(z) = -z**3 + 10*z**2 + 3*z - 13. Is a(x) a multiple of 6?
False
Let m = 8 - 22. Let q = 11 + m. Is 6 a factor of 3 + (-30)/q + -4?
False
Let g(l) = l**3 + 10*l**2 + 9. Let f be g(-10). Suppose -o - 2*o = -f. Suppose 0*s - o = -s. Is 2 a factor of s?
False
Suppose 0 = 3*p, -k - 2*p - 6 = 2*p. Let f = k - -24. Is 12 a factor of f/((-52)/16 + 4)?
True
Suppose 5*f - 6576 = -4*m, 4*m = 4*f + 2*m - 5240. Suppose 0 = 4*q - f + 352. Is q a multiple of 15?
True
Suppose 18*z + 4982 = 3*c + 13*z, -4*c + 6671 = -z. Does 23 divide c?
False
Suppose -3 + 2 = i. Let j be (-1)/((3/6)/i). Suppose 0 = 2*u + 2*d - 118, -2*u + j*d + 59 + 43 = 0. Is u a multiple of 15?
False
Let h be (-1945)/(-6) - 5/30. Suppose -h = -5*b - 2*o, 3*o = b + o - 72. Is 22 a factor of b?
True
Let b(d) = -2*d**3 + 23*d**2 + 19*d - 25. Let y(q) = -q**3 + 11*q**2 + 9*q - 12. Let k(r) = -6*b(r) + 13*y(r). Let t = 16 - 11. Is k(t) a multiple of 9?
True
Let a = 49 + -46. Suppose t - 5*l = -t + 115, 0 = 3*t - a*l - 150. Does 9 divide t?
True
Suppose g = -3*g + 32. Suppose -6*u + g*u - 10 = 0. Suppose -6 = l - 2, -3*s = u*l - 31. Does 11 divide s?
False
Suppose 0 = -4*w + n + n + 26, 4*w = 4*n + 36. Suppose -w*c + 48 = -c. Suppose 4*u - c = 40. Is 7 a factor of u?
True
Let v(t) = t**3 + 3*t**2 + 3*t + 3. Let c be v(-4). Let p = c - -30. Suppose -2*s = -p*g + 2*g + 85, s + 120 = 4*g. Does 11 divide g?
False
Let m be (-4)/(-6) + (-5 - (-14655)/9). Suppose -7*d + m = -343. Does 35 divide d?
False
Let c be (-5)/6 + (-2)/12. Let p(m) = -3 + 0 - 5*m + 2. Is 2 a factor of p(c)?
True
Let u(i) = -3*i**3 - 22*i**2 + 27*i - 18. Let l(n) = -2*n**3 - 11*n**2 + 14*n - 9. Let c(z) = 5*l(z) - 3*u(z). Let r be c(11). Does 15 divide (3*2)/((-12)/r)?
False
Suppose -4*j = 5*q - 6300, -5*q - 4725 = -435*j + 432*j. Is j a multiple of 9?
True
Let y(t) = 111*t**2 - 24*t + 89. Does 25 divide y(5)?
False
Is -585*(-12)/8*16/18 a multiple of 15?
True
Let f be (1022/21)/((-2)/138). Let w = f + 1358. Does 12 divide 3/(-21) + w/(-35)?
False
Let q = 373 - 233. Is q a multiple of 35?
True
Let a = 30 + -25. Suppose 3*j - q - 26 - 146 = 0, -a*q - 270 = -5*j. Suppose -459 + j = -4*f. Is f a multiple of 30?
False
Let n = 466 + -159. Suppose -2*u = -n + 9. Is u a multiple of 19?
False
Let x(f) be the third derivative of f**8/20160 - f**7/1260 + f**6/240 - 3*f**5/20 + f**2. Let i(c) be the third derivative of x(c). Is 35 a factor of i(-4)?
True
Suppose -305 = -w - 2*w - 4*k, 2*w - 206 = -2*k. Let y = 185 - w. Suppose y = q - 0*q. Is q a multiple of 17?
False
Let t = 456 - 214. Is 11 a factor of t?
True
Let u = 31 + -14. Let v = u + -4. Does 13 divide v?
True
Let d(y) = 2*y**2 - 6*y + 8. Let g be d(4). Let l(x) = -x**2 + 16*x + 28. Does 4 divide l(g)?
True
Let x(o) = o**2 - 7*o + 8. Let r be x(7). Suppose r*i - 3*i = 20. Suppose 0 = -2*b - i, 4*b = m - 0*b - 13. Is 4 a factor of m?
False
Let u(l) be the third derivative of -11/30*l**6 + 0 + 0*l**3 - 3*l**2 + 1/60*l**5 + 1/24*l**4 + 0*l. Is u(-1) a multiple of 22?
True
Let c be (2 - -1) + 1 - -10. Suppose 0 = -c*w + 10*w + 236. Is 15 a factor of w?
False
Suppose -4 = -2*u - i, -3*u + i + 3*i - 5 = 0. Let k(b) = 22*b - 1. Is 3 a factor of k(u)?
True
Suppose -1036 - 2612 = -64*a. Is 57 a factor of a?
True
Let t = 8237 + -4827. Is t a multiple of 62?
True
Suppose 0 = -4*y - 3*w - 13 + 2, -5*y - 10 = 5*w. Let v(j) = j**3 - 5*j**2 + 4*j + 11. Let n be v(5). Let d = n + y. Does 20 divide d?
False
Let n(g) = g**3 + 40*g**2 - 93*g - 238. Does 6 divide n(-42)?
False
Let y = -185 - -330. Let k = 239 - y. Let l = -63 + k. Is 11 a factor of l?
False
Suppose 4*n + t + 4*t = -45, 8 = -n + 2*t. Is 20 a factor of (-2)/n + 4796/20?
True
Let i be (-32)/(-8)*(-7)/(-4). Suppose i + 1 = f. Suppose 0 = 2*b - 48 + f. Does 4 divide b?
True
Does 30 divide ((-2)/1)/((-12)/5250)?
False
Let u be 4/38 - (-72)/38. Let a(i) = -10 + 7*i**u + 0*i**3 - 4*i**3 + 3*i**3 + 3*i. Is 3 a factor of a(7)?
False
Let g(j) = -j**3 - j**2 + j + 2. Suppose -67 = -3*c - 4*m, c - 85 = -2*c + 5*m. Suppose -5*w - c = 0, -w - 29 = 2*x + 4*w. Is 4 a factor of g(x)?
True
Suppose 0 = -5*m + 4*a + 241 + 227, 0 = -5*m - 2*a + 456. Is m a multiple of 28?
False
Suppose 15*g - 42 = 22*g. Is 10 a factor of (694/g + -3)/(2/(-3))?
False
Let y(o) = -o**3 - 2*o**2 + 3*o + 4. Suppose -4*i = -4*s, -3*i + 8*i + 5 = 4*s. Let b be y(i). Let v = b - 36. Is 7 a factor of v?
True
Let l(k) = -55*k - 7. Let r be l(-4). Let o = r + -151. Is o a multiple of 10?
False
Let w = -1227 + 4533. Does 37 divide w?
False
Let i(x) = x + 10. Let z be i(-7). Suppose -7*q - 2 = c - 3*q, 5*c = -z*q - 44. Does 37 divide 6/c + (-4330)/(-50)?
False
Let a(m) = 2 + 4*m**2 + 0 + 2194*m - 2181*m. Is 7 a factor of a(-8)?
True
Is 24 a factor of (5379/(-44))/(1/((-24)/9))?
False
Suppose 2*u - 1732 = j, -j + 3162 = 3*u + 559. Is u a multiple of 51?
True
Let j = -1006 - -1996. Does 55 divide j?
True
Let v = -117 + 181. Suppose 0 = s + 3*s - v. Is 16 a factor of s?
True
Let o(u) = -u**2 - 10*u + 2. Let h be o(-10). Suppose h*b + 4*v = 26, 0 = -b - 0*b + 2*v + 33. Suppose 3*t = -t + 4, -2*a + t = -b. Is 6 a factor of a?
True
Suppose -13*w + 22*w = 2349. Is w a multiple of 35?
False
Let i be ((-192)/(-5))/((-4)/(-20)). Suppose g - 407 = -5*q - 110, 4*g + i = 3*q. Does 12 divide q?
True
Suppose 1167 + 535 = 5*h - 2*u, 3*h + u - 1030 = 0. Suppose q = 2*b + 84, -q + 5*q - 2*b = h. Is q a multiple of 9?
False
Let h(s) = -9*s - 12. Let f be h(-6). Suppose 577 = 3*a - 0*a - y, -5*a + 955 = -3*y. Suppose -c - 3*q + f = 0, 0*c = -5*c + q + a. Does 6 divide c?
False
Suppose x + x = 282. Suppose 5*d - 761 = -x. Suppose 0 = -q + 5*q - d. Does 23 divide q?
False
Let l = -132 + 87. Let v be 1200/l*(-12)/5. Suppose -5*s = -21 - v. Does 3 divide s?
False
Let p(h) = -h**3 + 0*h + 0*h - 4*h - 1 + 2 - 5*h**2. Let i be p(-4). Does 23 divide 94/i - (15 + -13)?
True
Let h(j) = 10*j**3 - 27*j**2 - 11*j - 6. Let v(z) = 1 - 7 + 3*z**3 + 4 - 4*z + 0*z**3 - 9*z**2. Let x(f) = 2*h(f) - 7*v(f). Does 12 divide x(9)?
False
Let q(z) = z**2 + 7*z + 6. Let k be q(-7). Let b be -1 + k/(0 + 2). Suppose 3*d = 4*x + 69, 2*d - b*x + 70 = 6*d. Is 17 a factor of d?
False
Is (39/24)/(47/7144) a multiple of 63?
False
Let h(m) = -m**2 - 13*m + 4. Let g(p) = -12*p**2 + p. Let a be g(-1). Let t be h(a). Suppose -76 = -t*o + 4*w, 3*o + 5*w - 58 = -o. Is 6 a factor of o?
False
Let f(z) = -z**3 + 4*z**2 + 3*z - 3. Let s be f(3). Suppose -s = -4*q - q. Let k(d) = d**3 - 4*d**2 + 5*d - 4. Is 2 a factor of k(q)?
True
Suppose 77168 = -511*h + 539*h. Is 53 a factor of h?
True
Let j be (-539)/35 + 3/((-15)/(-2)). Does 10 divide 3*(-1)/j - (-349)/5?
True
Suppose -24 = -0*z + 3*z. Let v be (60/z)/3*-16. Let u = -22 + v. Does 9 divide u?
True
Suppose -5 - 3 = -4*g. Suppose c + g = -c. Let j(m) = 24*m**2 + 3*m + 3. Is 4 a factor of j(c)?
True
Suppose -4*l = -0*l - 4*b - 132, 0 = 3*b + 9. Suppose 5*c + 3*s - l = 0, -2*s + 1 = -8*c + 5*c. Is 3 a factor of (-1 - -1) + 2 + c?
False
Let f be 26/(-14) - (-1)/(-7). Does 41 divide f/(-3)*1599/26?
True
Let j = 476 - 251. Is j a multiple of 15?
True
Let g(o) = o**3 + 8*o**2 - o - 27. Let m be g(-8). Let i(f) = f**2 + 14*f - 35. Is i(m) a multiple of 28?
False
Let o be (-12 + 13)/((-2